{"id":16,"date":"2025-11-08T14:08:21","date_gmt":"2025-11-08T14:08:21","guid":{"rendered":"http:\/\/ensembj.cluster100.hosting.ovh.net\/?page_id=16"},"modified":"2026-03-07T08:39:56","modified_gmt":"2026-03-07T08:39:56","slug":"ensemble-pour-coueron","status":"publish","type":"page","link":"https:\/\/www.ensemblepourcoueron.fr\/","title":{"rendered":"Accueil"},"content":{"rendered":"\n<div class=\"wp-block-group alignfull is-style-section-1 has-global-padding is-layout-constrained wp-container-core-group-is-layout-cdf985e3 wp-block-group-is-layout-constrained is-style-section-1--1\" style=\"min-height:100vh;margin-top:0;margin-bottom:0;padding-top:var(--wp--preset--spacing--80);padding-right:var(--wp--preset--spacing--80);padding-bottom:var(--wp--preset--spacing--80);padding-left:var(--wp--preset--spacing--80)\">\n<figure class=\"wp-block-image size-large\"><img loading=\"lazy\" decoding=\"async\" width=\"1024\" height=\"576\" src=\"https:\/\/www.ensemblepourcoueron.fr\/wp-content\/uploads\/2025\/12\/LOGO-EPC-2-1024x576.jpg\" alt=\"\" class=\"wp-image-175\" srcset=\"https:\/\/www.ensemblepourcoueron.fr\/wp-content\/uploads\/2025\/12\/LOGO-EPC-2-1024x576.jpg 1024w, https:\/\/www.ensemblepourcoueron.fr\/wp-content\/uploads\/2025\/12\/LOGO-EPC-2-300x169.jpg 300w, https:\/\/www.ensemblepourcoueron.fr\/wp-content\/uploads\/2025\/12\/LOGO-EPC-2-768x432.jpg 768w, https:\/\/www.ensemblepourcoueron.fr\/wp-content\/uploads\/2025\/12\/LOGO-EPC-2-1536x864.jpg 1536w, https:\/\/www.ensemblepourcoueron.fr\/wp-content\/uploads\/2025\/12\/LOGO-EPC-2.jpg 1920w\" sizes=\"auto, (max-width: 1024px) 100vw, 1024px\" \/><\/figure>\n\n\n\n<div class=\"wp-block-columns alignwide is-layout-flex wp-container-core-columns-is-layout-643ced6b wp-block-columns-is-layout-flex\">\n<div class=\"wp-block-column is-vertically-aligned-center is-layout-flow wp-block-column-is-layout-flow\">\n<p class=\"has-text-align-center\">Ensemble pour Cou\u00ebron, liste sans \u00e9tiquettes pour les municipales 2026. Notre groupe est constitu\u00e9 de personnes avec diff\u00e9rentes sensibilit\u00e9s politiques. Notre volont\u00e9 est de faire de notre ville un lieu qui nous ressemble et qui&nbsp;nous&nbsp;rassemble. N&rsquo;h\u00e9sitez pas \u00e0 nous contacter pour toute demande ou question, ou tout simplement pour participer \u00e0 la d\u00e9mocratie&nbsp;locale.<\/p>\n\n\n\n<h2 class=\"wp-block-heading has-text-align-center\"><a href=\"https:\/\/www.ensemblepourcoueron.fr\/index.php\/232-2\/\">Retrouvez notre programme ici.<\/a><\/h2>\n\n\n\n<figure class=\"wp-block-image aligncenter size-full is-resized\"><a href=\"https:\/\/www.facebook.com\/profile.php?id=100068223584087&amp;locale=fr_FR\"><img loading=\"lazy\" decoding=\"async\" width=\"154\" height=\"154\" src=\"https:\/\/www.ensemblepourcoueron.fr\/wp-content\/uploads\/2025\/12\/Facebook_Logo_2023.jpg\" alt=\"\" class=\"wp-image-182\" style=\"width:154px;height:auto\" srcset=\"https:\/\/www.ensemblepourcoueron.fr\/wp-content\/uploads\/2025\/12\/Facebook_Logo_2023.jpg 154w, https:\/\/www.ensemblepourcoueron.fr\/wp-content\/uploads\/2025\/12\/Facebook_Logo_2023-150x150.jpg 150w\" sizes=\"auto, (max-width: 154px) 100vw, 154px\" \/><\/a><\/figure>\n\n\n\n<p class=\"has-text-align-center\"><\/p>\n\n\n\n<figure class=\"wp-block-video\"><video height=\"480\" style=\"aspect-ratio: 850 \/ 480;\" width=\"850\" controls src=\"https:\/\/www.ensemblepourcoueron.fr\/wp-content\/uploads\/2026\/01\/WhatsApp-Video-2026-01-11-at-01.07.29.mp4\"><\/video><\/figure>\n<\/div>\n<\/div>\n<\/div>\n\n\n\n<div class=\"wp-block-group alignfull has-contrast-color has-text-color is-vertical is-content-justification-center is-layout-flex wp-container-core-group-is-layout-f306f087 wp-block-group-is-layout-flex\" style=\"min-height:40vh;margin-top:0;margin-bottom:0;padding-top:var(--wp--preset--spacing--60);padding-right:var(--wp--preset--spacing--50);padding-bottom:var(--wp--preset--spacing--60);padding-left:var(--wp--preset--spacing--50)\">\n<ul class=\"wp-block-social-links has-normal-icon-size is-style-logos-only is-content-justification-center is-nowrap is-layout-flex wp-container-core-social-links-is-layout-8f28c658 wp-block-social-links-is-layout-flex\"><\/ul>\n<\/div>\n","protected":false},"excerpt":{"rendered":"<p>Ensemble pour Cou\u00ebron, liste sans \u00e9tiquettes pour les municipales 2026. Notre groupe est constitu\u00e9 de personnes avec diff\u00e9rentes sensibilit\u00e9s politiques. Notre volont\u00e9 est de faire de notre ville un lieu qui nous ressemble et qui&nbsp;nous&nbsp;rassemble. N&rsquo;h\u00e9sitez pas \u00e0 nous contacter pour toute demande ou question, ou tout simplement pour participer \u00e0 la d\u00e9mocratie&nbsp;locale. Retrouvez notre [&hellip;]<\/p>\n","protected":false},"author":1,"featured_media":0,"parent":0,"menu_order":0,"comment_status":"closed","ping_status":"closed","template":"page-no-title","meta":{"footnotes":""},"class_list":["post-16","page","type-page","status-publish","hentry"],"_links":{"self":[{"href":"https:\/\/www.ensemblepourcoueron.fr\/index.php\/wp-json\/wp\/v2\/pages\/16","targetHints":{"allow":["GET"]}}],"collection":[{"href":"https:\/\/www.ensemblepourcoueron.fr\/index.php\/wp-json\/wp\/v2\/pages"}],"about":[{"href":"https:\/\/www.ensemblepourcoueron.fr\/index.php\/wp-json\/wp\/v2\/types\/page"}],"author":[{"embeddable":true,"href":"https:\/\/www.ensemblepourcoueron.fr\/index.php\/wp-json\/wp\/v2\/users\/1"}],"replies":[{"embeddable":true,"href":"https:\/\/www.ensemblepourcoueron.fr\/index.php\/wp-json\/wp\/v2\/comments?post=16"}],"version-history":[{"count":31,"href":"https:\/\/www.ensemblepourcoueron.fr\/index.php\/wp-json\/wp\/v2\/pages\/16\/revisions"}],"predecessor-version":[{"id":402,"href":"https:\/\/www.ensemblepourcoueron.fr\/index.php\/wp-json\/wp\/v2\/pages\/16\/revisions\/402"}],"wp:attachment":[{"href":"https:\/\/www.ensemblepourcoueron.fr\/index.php\/wp-json\/wp\/v2\/media?parent=16"}],"curies":[{"name":"wp","href":"https:\/\/api.w.org\/{rel}","templated":true}]}}